e
Does 1317 divide 23130570?
False
Is 1107 a factor of 28097376?
False
Does 67 divide 1083535914?
False
Is 1999770 a multiple of 16?
False
Does 15 divide 185326740?
True
Is 197610100 a multiple of 5990?
True
Is 1188 a factor of 1707698916?
True
Does 28 divide 670129896?
False
Does 39 divide 642143239?
False
Is 44 a factor of 17715720?
True
Is 201363177 a multiple of 3?
True
Does 2 divide 20300987?
False
Does 17 divide 21734670?
True
Is 531 a factor of 8265546?
True
Is 8085647120 a multiple of 355?
False
Is 25365463 a multiple of 119?
False
Is 2459557333 a multiple of 9101?
False
Does 205 divide 10148736?
False
Is 545809180 a multiple of 28?
True
Does 10 divide 30296300?
True
Is 16517245 a multiple of 33?
False
Does 54 divide 61315835?
False
Does 14 divide 11840122?
True
Does 617 divide 266475925?
False
Is 122612948 a multiple of 445?
False
Is 313741340 a multiple of 55?
True
Is 559 a factor of 18415230?
False
Is 42 a factor of 39381552?
True
Is 9 a factor of 13076109?
True
Does 21 divide 435981505?
False
Is 564 a factor of 579194157?
False
Does 2920 divide 359776207?
False
Is 28842266 a multiple of 301?
False
Does 490 divide 249376900?
False
Is 60 a factor of 5524680?
True
Does 104 divide 15005379?
False
Does 321 divide 165953148?
True
Does 6 divide 683634?
True
Is 215 a factor of 29647805?
False
Does 379 divide 118572424?
True
Is 67255443 a multiple of 28?
False
Does 198 divide 76407788?
False
Is 234526300 a multiple of 10?
True
Does 699 divide 2100018282?
True
Does 8 divide 203625245?
False
Is 3539527987 a multiple of 4039?
False
Is 3006 a factor of 29648178?
True
Is 3019748040 a multiple of 135?
True
Is 274952658 a multiple of 3996?
False
Does 300 divide 18025763?
False
Is 98078890 a multiple of 1274?
True
Is 4758445 a multiple of 5?
True
Is 31 a factor of 1176512?
True
Does 771 divide 744927864?
True
Is 278 a factor of 4968940502?
False
Is 349 a factor of 205228897?
False
Is 140 a factor of 10182620?
True
Is 4053355989 a multiple of 46?
False
Is 15 a factor of 717330222?
False
Does 154 divide 196961996?
True
Is 555 a factor of 7918740?
True
Is 32407804 a multiple of 44?
True
Is 640 a factor of 40693139?
False
Is 1658061 a multiple of 74?
False
Does 57 divide 130670562?
True
Is 975 a factor of 8565375?
True
Does 34 divide 89326160?
True
Is 14 a factor of 111075356?
True
Is 27 a factor of 29255623?
False
Does 6 divide 19684902?
True
Does 11 divide 148582335?
True
Is 784 a factor of 1840048?
True
Does 183 divide 155191869?
True
Is 2223 a factor of 389644211?
False
Does 139 divide 14884815?
True
Is 219734189 a multiple of 247?
False
Is 848 a factor of 31801696?
True
Is 35 a factor of 1972670507?
False
Is 281059250 a multiple of 7?
False
Is 879293240 a multiple of 430?
True
Is 31283103 a multiple of 849?
True
Is 114772440 a multiple of 1905?
True
Is 270 a factor of 9185130?
True
Does 59 divide 22844176?
False
Is 73519944 a multiple of 144?
False
Is 1496506284 a multiple of 9?
True
Does 28 divide 56628040?
True
Is 672682871 a multiple of 31?
False
Is 15 a factor of 133755750?
True
Is 2171189346 a multiple of 267?
False
Is 45763060 a multiple of 490?
True
Does 117 divide 49843170?
True
Does 139 divide 2307610640?
False
Is 15 a factor of 5536260?
True
Does 17 divide 88062771?
True
Is 365444700 a multiple of 300?
True
Is 1857 a factor of 79628160?
True
Is 3524 a factor of 1071742658?
False
Is 3 a factor of 9133473?
True
Is 3757962540 a multiple of 14909?
True
Is 1521696 a multiple of 96?
True
Is 443626354 a multiple of 3601?
False
Is 88 a factor of 1446775968?
True
Does 143 divide 28314286?
True
Is 3661620347 a multiple of 77?
True
Is 1432696 a multiple of 8?
True
Is 31981080 a multiple of 771?
True
Is 4207 a factor of 339593247?
True
Does 79 divide 7322843?
False
Does 3 divide 233993?
False
Is 55 a factor of 19808800?
True
Does 19 divide 115540406?
True
Does 67 divide 65031407?
False
Does 223 divide 226718673?
False
Is 297 a factor of 199825814?
False
Is 21 a factor of 152684433?
False
Is 537727363 a multiple of 4?
False
Is 10 a factor of 4180943977?
False
Does 2742 divide 3810974184?
True
Is 5748540 a multiple of 42?
True
Does 40 divide 39458360?
True
Is 16 a factor of 1347941050?
False
Does 9 divide 328990302?
True
Does 955 divide 285530161?
False
Is 34484888 a multiple of 4124?
True
Is 7555904 a multiple of 16?
True
Does 17 divide 1673223470?
True
Does 18 divide 39410028?
True
Is 130830506 a multiple of 16?
False
Is 474 a factor of 18425802?
True
Is 88277700 a multiple of 350?
True
Does 45 divide 75598335?
True
Is 248 a factor of 888224419?
False
Is 2726 a factor of 75114930?
True
Does 183 divide 7726626?
True
Is 370735860 a multiple of 12?
True
Does 12 divide 164018867?
False
Is 6516885 a multiple of 15?
True
Does 3 divide 142275372?
True
Does 586 divide 37674526?
True
Is 198349600 a multiple of 5?
True
Is 14106912 a multiple of 46?
True
Is 2976593 a multiple of 289?
False
Is 23 a factor of 1232590378?
True
Is 56077052 a multiple of 179?
False
Does 50 divide 174546100?
True
Is 30514240 a multiple of 23?
False
Does 5030 divide 1221316759?
False
Does 2617 divide 25405836?
True
Is 8 a factor of 18056890?
False
Is 1369 a factor of 255422641?
False
Is 2557822586 a multiple of 3707?
True
Does 66 divide 167217402?
True
Is 71 a factor of 2490613059?
False
Does 458 divide 30992860?
True
Does 197 divide 333734944?
False
Does 2531 divide 4454210722?
True
Is 90553441 a multiple of 17?
True
Is 202436558 a multiple of 230?
False
Is 194 a factor of 51849798?
True
Is 242 a factor of 63910506?
True
Is 205123068 a multiple of 3492?
False
Does 217 divide 662527145?
False
Is 282 a factor of 3286613556?
True
Does 34 divide 502716364?
False
Is 142937703 a multiple of 19?
True
Is 2 a factor of 4792424?
True
Is 409 a factor of 1638882223?
True
Does 2888 divide 378331812?
False
Is 82 a factor of 470330598?
True
Is 843029304 a multiple of 897?
True
Is 3997437024 a multiple of 2296?
True
Is 871240323 a multiple of 1804?
False
Is 4073 a factor of 61406428?
False
Is 1910 a factor of 2051775480?
True
Is 1334777925 a multiple of 145?
True
Is 27431780 a multiple of 41?
False
Does 47 divide 9899415?
False
Is 72800514 a multiple of 12?
False
Is 521091456 a multiple of 3867?
False
Is 69 a factor of 464893641?
True
Is 57936443 a multiple of 1523?
True
Is 60588183 a multiple of 101?
True
Is 12492354 a multiple of 14?
True
Is 311898192 a multiple of 72?
False
Does 3 divide 17813733?
True
Does 339 divide 834214251?
True
Is 2363971815 a multiple of 7557?
False
Is 5 a factor of 6265793?
False
Is 72191275 a multiple of 245?
False
Does 403 divide 451926466?
False
Is 26670404 a multiple of 73?
True
Is 10 a factor of 192586932?
False
Does 3792 divide 561178080?
True
Does 69 divide 41001736?
False
Is 1244518150 a multiple of 1513?
True
Is 52 a factor of 52032916?
True
Is 3285231 a multiple of 258?
False
Is 372621522 a multiple of 29?
True
Is 1675160580 a multiple of 871?
False
Does 355 divide 80998575?
True
Is 105732 a multiple of 27?
True
Is 62 a factor of 657472370?
False
Does 9 divide 859170421?
False
Is 2280 a factor of 4934527723?
False
Does 1080 divide 87926287?
False
Is 574375177 a multiple of 39?
False
Is 86 a factor of 15076746?
True
Is 4 a factor of 24731022?
False
Is 20416160 a multiple of 5?
True
Is 1674856693 a multiple of 346?
False
Is 6034915 a multiple of 255?
False
Does 231 divide 109682589?
False
Is 173 a factor of 2072685?
False
Is 343 a factor of 48420281?
True
Is 126711672 a multiple of 116?
True
Does 1263 divide 236490133?
False
Is 6007 a factor of 50338660?
True
Does 4 divide 1733486904?
True
Does 115 divide 564196210?
True
Is 8 a factor of 677926464?
True
Is 6 a factor of 5566158?
True
Is 193 a factor of 16270672?
True
Is 665 a factor of 325763599?
False
Does 26 divide 1534865481?
False
Is 1424499729 a multiple of 2388?
False
Does 36 divide 9518128?
False
Does 579 divide 126067060?
False
Is 219 a factor of 2439441?
True
Is 96 a factor of 19691136?
True
Is 43 a factor of 28981140?
True
Does 3759 divide 57091021?
False
Is 484970645 a multiple of 785?
True
Does 154 divide 631092?
True
Is 715981639 a multiple of 11?
False
Is 25533021 a multiple of 6?
False
Is 90 a factor of 56133841?
False
Is 54570255 a multiple of 65?
False
Does 91 divide 431689895?
True
Is 12303